{"id":231572,"date":"2025-11-20T16:39:24","date_gmt":"2025-11-20T15:39:24","guid":{"rendered":"https:\/\/idealpromotion.fr\/entreprise-de-promotion-immobiliere\/?page_id=231572"},"modified":"2025-11-27T13:05:16","modified_gmt":"2025-11-27T12:05:16","slug":"formulaire-contact-les-villas-rosea","status":"publish","type":"page","link":"https:\/\/idealpromotion.fr\/entreprise-de-promotion-immobiliere\/nos-projets\/les-villas-rosea\/formulaire-contact-les-villas-rosea\/","title":{"rendered":"Formulaire contact &#8211; Les Villas Rosea"},"content":{"rendered":"<p>[et_pb_section fb_built=&#8221;1&#8243; _builder_version=&#8221;4.27.4&#8243; _module_preset=&#8221;default&#8221; da_disable_devices=&#8221;off|off|off&#8221; global_colors_info=&#8221;{}&#8221; da_is_popup=&#8221;off&#8221; da_exit_intent=&#8221;off&#8221; da_has_close=&#8221;on&#8221; da_alt_close=&#8221;off&#8221; da_dark_close=&#8221;off&#8221; da_not_modal=&#8221;on&#8221; da_is_singular=&#8221;off&#8221; da_with_loader=&#8221;off&#8221; da_has_shadow=&#8221;on&#8221;][et_pb_row _builder_version=&#8221;4.27.4&#8243; _module_preset=&#8221;default&#8221; global_colors_info=&#8221;{}&#8221;][et_pb_column type=&#8221;4_4&#8243; _builder_version=&#8221;4.27.4&#8243; _module_preset=&#8221;default&#8221; global_colors_info=&#8221;{}&#8221;][et_pb_text _builder_version=&#8221;4.27.4&#8243; _module_preset=&#8221;default&#8221; width=&#8221;55%&#8221; width_tablet=&#8221;80%&#8221; width_phone=&#8221;100%&#8221; width_last_edited=&#8221;on|tablet&#8221; max_width=&#8221;55%&#8221; max_width_tablet=&#8221;80%&#8221; max_width_phone=&#8221;100%&#8221; max_width_last_edited=&#8221;on|phone&#8221; module_alignment=&#8221;center&#8221; global_colors_info=&#8221;{}&#8221;]<\/p>\n<h1 style=\"text-align: center;\">Un programme exclusif, alliant \u00e9l\u00e9gance architecturale, confort et prestations haut de gamme<\/h1>\n<p>[\/et_pb_text][et_pb_text _builder_version=&#8221;4.27.4&#8243; _module_preset=&#8221;default&#8221; width=&#8221;55%&#8221; width_tablet=&#8221;80%&#8221; width_phone=&#8221;100%&#8221; width_last_edited=&#8221;on|tablet&#8221; max_width=&#8221;55%&#8221; max_width_tablet=&#8221;80%&#8221; max_width_phone=&#8221;100%&#8221; max_width_last_edited=&#8221;on|phone&#8221; module_alignment=&#8221;center&#8221; global_colors_info=&#8221;{}&#8221;]<\/p>\n<h3 style=\"text-align: right;\"><img data-recalc-dims=\"1\" data-dominant-color=\"b7b5b1\" data-has-transparency=\"true\" loading=\"lazy\" decoding=\"async\" src=\"https:\/\/i0.wp.com\/idealpromotion.fr\/entreprise-de-promotion-immobiliere\/wp-content\/uploads\/2025\/11\/Logo-Les-Villas-Rosea.png?resize=140%2C140&#038;ssl=1\" width=\"140\" height=\"140\" alt=\"Les Villas Rosea\" class=\"wp-image-231516 size-medium has-transparency\" style=\"--dominant-color: #b7b5b1; float: left;\" \/><\/h3>\n<p style=\"text-align: right;\">\n<p style=\"text-align: right;\">\n<p style=\"text-align: right;\">Ne laissez pas passer cette opportunit\u00e9 ! Contactez-nous d\u00e8s aujourd\u2019hui pour d\u00e9couvrir les plans et r\u00e9server votre villa d\u2019exception \u00e0 Fontenay-aux-Roses.<\/p>\n<div style=\"text-align: right;\"><\/div>\n<div style=\"text-align: right;\">\u00a0T\u00e9l\u00e9phone : <strong>06 74 87 36 81<\/strong>\u00a0ou remplissez le formulaire ci-dessous pour recevoir toutes les informations.<\/div>\n<p style=\"text-align: right;\">\u00a0\u00c0 tr\u00e8s vite,<br \/>Aur\u00e9lie JOB<\/p>\n<p>[\/et_pb_text][et_pb_gallery gallery_ids=&#8221;231550,231547,231546,231545,231544,231543,231542,231541,231540,231591,231590,231589,231588,231587&#8243; gallery_orderby=&#8221;rand&#8221; posts_number=&#8221;8&#8243; show_title_and_caption=&#8221;off&#8221; module_id=&#8221;gallery&#8221; module_class=&#8221;sticker polaroid&#8221; _builder_version=&#8221;4.27.4&#8243; _module_preset=&#8221;default&#8221; hover_enabled=&#8221;0&#8243; global_colors_info=&#8221;{}&#8221; sticky_enabled=&#8221;0&#8243;][\/et_pb_gallery][et_pb_contact_form email=&#8221;emanuel.untesu@idealpromotion.fr , aurelie.job@idealpromotion.fr , simona.untesu@idealpromotion.fr&#8221; custom_message=&#8221;Demande d&#8217;informations compl\u00e9mentaires pour le projet Les Villas Rosea.||et_pb_line_break_holder||Nom : %%Name%%||et_pb_line_break_holder||Email : %%Email%%||et_pb_line_break_holder||Message : %%Message%%||et_pb_line_break_holder||||et_pb_line_break_holder||Accord sur le traitement des donn\u00e9es: %%Consentement%%||et_pb_line_break_holder||&#8221; use_redirect=&#8221;on&#8221; redirect_url=&#8221;https:\/\/idealpromotion.fr\/entreprise-de-promotion-immobiliere\/nos-projets\/villa-des-moulins\/&#8221; success_message=&#8221;Nous vous remercions de votre demande !&#8221; _builder_version=&#8221;4.27.4&#8243; _module_preset=&#8221;default&#8221; _unique_id=&#8221;2ec2703d-d342-43c6-bea3-b4d47dbd950f&#8221; background_color=&#8221;RGBA(255,255,255,0)&#8221; width=&#8221;50%&#8221; width_tablet=&#8221;80%&#8221; width_phone=&#8221;100%&#8221; width_last_edited=&#8221;on|phone&#8221; module_alignment=&#8221;center&#8221; global_colors_info=&#8221;{}&#8221;][et_pb_contact_field field_id=&#8221;Name&#8221; field_title=&#8221;Nom&#8221; _builder_version=&#8221;4.27.4&#8243; global_colors_info=&#8221;{}&#8221; button_text_size__hover_enabled=&#8221;off&#8221; button_one_text_size__hover_enabled=&#8221;off&#8221; button_two_text_size__hover_enabled=&#8221;off&#8221; button_text_color__hover_enabled=&#8221;off&#8221; button_one_text_color__hover_enabled=&#8221;off&#8221; button_two_text_color__hover_enabled=&#8221;off&#8221; button_border_width__hover_enabled=&#8221;off&#8221; button_one_border_width__hover_enabled=&#8221;off&#8221; button_two_border_width__hover_enabled=&#8221;off&#8221; button_border_color__hover_enabled=&#8221;off&#8221; button_one_border_color__hover_enabled=&#8221;off&#8221; button_two_border_color__hover_enabled=&#8221;off&#8221; button_border_radius__hover_enabled=&#8221;off&#8221; button_one_border_radius__hover_enabled=&#8221;off&#8221; button_two_border_radius__hover_enabled=&#8221;off&#8221; button_letter_spacing__hover_enabled=&#8221;off&#8221; button_one_letter_spacing__hover_enabled=&#8221;off&#8221; button_two_letter_spacing__hover_enabled=&#8221;off&#8221; button_bg_color__hover_enabled=&#8221;off&#8221; button_one_bg_color__hover_enabled=&#8221;off&#8221; button_two_bg_color__hover_enabled=&#8221;off&#8221;][\/et_pb_contact_field][et_pb_contact_field field_id=&#8221;Email&#8221; field_title=&#8221;Adresse e-mail&#8221; field_type=&#8221;email&#8221; _builder_version=&#8221;4.27.4&#8243; global_colors_info=&#8221;{}&#8221; button_text_size__hover_enabled=&#8221;off&#8221; button_one_text_size__hover_enabled=&#8221;off&#8221; button_two_text_size__hover_enabled=&#8221;off&#8221; button_text_color__hover_enabled=&#8221;off&#8221; button_one_text_color__hover_enabled=&#8221;off&#8221; button_two_text_color__hover_enabled=&#8221;off&#8221; button_border_width__hover_enabled=&#8221;off&#8221; button_one_border_width__hover_enabled=&#8221;off&#8221; button_two_border_width__hover_enabled=&#8221;off&#8221; button_border_color__hover_enabled=&#8221;off&#8221; button_one_border_color__hover_enabled=&#8221;off&#8221; button_two_border_color__hover_enabled=&#8221;off&#8221; button_border_radius__hover_enabled=&#8221;off&#8221; button_one_border_radius__hover_enabled=&#8221;off&#8221; button_two_border_radius__hover_enabled=&#8221;off&#8221; button_letter_spacing__hover_enabled=&#8221;off&#8221; button_one_letter_spacing__hover_enabled=&#8221;off&#8221; button_two_letter_spacing__hover_enabled=&#8221;off&#8221; button_bg_color__hover_enabled=&#8221;off&#8221; button_one_bg_color__hover_enabled=&#8221;off&#8221; button_two_bg_color__hover_enabled=&#8221;off&#8221;][\/et_pb_contact_field][et_pb_contact_field field_id=&#8221;Message&#8221; field_title=&#8221;Message, num\u00e9ro de t\u00e9l\u00e9phone, etc.&#8221; field_type=&#8221;text&#8221; required_mark=&#8221;off&#8221; fullwidth_field=&#8221;on&#8221; _builder_version=&#8221;4.27.4&#8243; global_colors_info=&#8221;{}&#8221; button_text_size__hover_enabled=&#8221;off&#8221; button_one_text_size__hover_enabled=&#8221;off&#8221; button_two_text_size__hover_enabled=&#8221;off&#8221; button_text_color__hover_enabled=&#8221;off&#8221; button_one_text_color__hover_enabled=&#8221;off&#8221; button_two_text_color__hover_enabled=&#8221;off&#8221; button_border_width__hover_enabled=&#8221;off&#8221; button_one_border_width__hover_enabled=&#8221;off&#8221; button_two_border_width__hover_enabled=&#8221;off&#8221; button_border_color__hover_enabled=&#8221;off&#8221; button_one_border_color__hover_enabled=&#8221;off&#8221; button_two_border_color__hover_enabled=&#8221;off&#8221; button_border_radius__hover_enabled=&#8221;off&#8221; button_one_border_radius__hover_enabled=&#8221;off&#8221; button_two_border_radius__hover_enabled=&#8221;off&#8221; button_letter_spacing__hover_enabled=&#8221;off&#8221; button_one_letter_spacing__hover_enabled=&#8221;off&#8221; button_two_letter_spacing__hover_enabled=&#8221;off&#8221; button_bg_color__hover_enabled=&#8221;off&#8221; button_one_bg_color__hover_enabled=&#8221;off&#8221; button_two_bg_color__hover_enabled=&#8221;off&#8221;][\/et_pb_contact_field][et_pb_contact_field field_id=&#8221;Consentement&#8221; field_title=&#8221;Accord sur le traitement des donn\u00e9es:&#8221; field_type=&#8221;checkbox&#8221; checkbox_options=&#8221;%91{%22value%22:%22J\u2019accepte que mes donn\u00e9es personnelles soient utilis\u00e9es afin de recevoir des informations et communications commerciales relatives \u00e0 ce projet immobilier et \u00e0 d\u2019autres offres de la soci\u00e9t\u00e9 IDEAL PROMOTION.%22,%22checked%22:0,%22dragID%22:-1}%93&#8243; required_mark=&#8221;off&#8221; fullwidth_field=&#8221;on&#8221; _builder_version=&#8221;4.27.4&#8243; _module_preset=&#8221;default&#8221; global_colors_info=&#8221;{}&#8221;][\/et_pb_contact_field][\/et_pb_contact_form][et_pb_text _builder_version=&#8221;4.27.4&#8243; _module_preset=&#8221;default&#8221; text_font_size=&#8221;9px&#8221; text_line_height=&#8221;1.2em&#8221; custom_margin=&#8221;|||50%|false|false&#8221; custom_padding=&#8221;||||true|false&#8221; global_colors_info=&#8221;{}&#8221;]<\/p>\n<p>Pour rappel,<\/p>\n<p style=\"text-align: justify;\">Conform\u00e9ment \u00e0 la l\u00e9gislation de protection des donn\u00e9es applicable, en ce compris le R\u00e8glement (UE) 2016\/679 relatif \u00e0 la protection des personnes physiques \u00e0 l\u2019\u00e9gard du traitement des donn\u00e9es \u00e0 caract\u00e8re personnel (le \u00ab\u00a0RGPD\u00a0\u00bb) et la Loi n\u2019\u00b0 78-17 du 6 janvier 1978 relative \u00e0 l\u2019informatique, aux fichiers et aux libert\u00e9s (les \u00ab\u00a0Lois sur la Protection des Donn\u00e9es\u00a0\u00bb), vous disposez d\u2019un droit d\u2019acc\u00e8s,\u00a0de rectification et de suppression des donn\u00e9es personnelles vous concernant.\u00a0Pour exercer ces droits ou pour toute question relative \u00e0 vos donn\u00e9es,\u00a0vous pouvez nous contacter par e-mail \u00e0\u00a0<a href=\"mailto:dpo@idealpromotion.fr\">dpo@idealpromotion.fr<\/a>.\u00a0Vous avez \u00e9galement le droit de vous opposer,\u00a0pour des motifs l\u00e9gitimes, au traitement de vos donn\u00e9es personnelles.<\/p>\n<p style=\"text-align: justify;\">Pour vous d\u00e9sabonner, veuillez \u00e9galement envoyer un e-mail \u00e0 l\u2019adresse mentionn\u00e9e ci-dessus avec objet : D\u00c9SABONNEMENT.<\/p>\n<p style=\"text-align: right;\">Merci !<\/p>\n<p>[\/et_pb_text][\/et_pb_column][\/et_pb_row][\/et_pb_section]<\/p>\n","protected":false},"excerpt":{"rendered":"<p>Un programme exclusif, alliant \u00e9l\u00e9gance architecturale, confort et prestations haut de gamme Ne laissez pas passer cette opportunit\u00e9 ! Contactez-nous d\u00e8s aujourd\u2019hui pour d\u00e9couvrir les plans et r\u00e9server votre villa d\u2019exception \u00e0 Fontenay-aux-Roses. \u00a0T\u00e9l\u00e9phone : 06 74 87 36 81\u00a0ou remplissez le formulaire ci-dessous pour recevoir toutes les informations. \u00a0\u00c0 tr\u00e8s vite,Aur\u00e9lie JOBPour rappel, Conform\u00e9ment [&hellip;]<\/p>\n","protected":false},"author":1,"featured_media":231516,"parent":231521,"menu_order":0,"comment_status":"closed","ping_status":"closed","template":"","meta":{"_et_pb_use_builder":"on","_et_pb_old_content":"<!-- wp:divi\/placeholder \/-->","_et_gb_content_width":"","footnotes":""},"class_list":["post-231572","page","type-page","status-publish","has-post-thumbnail","hentry"],"yoast_head":"<!-- This site is optimized with the Yoast SEO plugin v27.3 - https:\/\/yoast.com\/product\/yoast-seo-wordpress\/ -->\n<title>Formulaire contact - Les Villas Rosea - Ideal Promotion<\/title>\n<meta name=\"robots\" content=\"index, follow, max-snippet:-1, max-image-preview:large, max-video-preview:-1\" \/>\n<link rel=\"canonical\" href=\"https:\/\/idealpromotion.fr\/entreprise-de-promotion-immobiliere\/nos-projets\/les-villas-rosea\/formulaire-contact-les-villas-rosea\/\" \/>\n<meta property=\"og:locale\" content=\"fr_FR\" \/>\n<meta property=\"og:type\" content=\"article\" \/>\n<meta property=\"og:title\" content=\"Formulaire contact - Les Villas Rosea - Ideal Promotion\" \/>\n<meta property=\"og:description\" content=\"Un programme exclusif, alliant \u00e9l\u00e9gance architecturale, confort et prestations haut de gamme Ne laissez pas passer cette opportunit\u00e9 ! Contactez-nous d\u00e8s aujourd\u2019hui pour d\u00e9couvrir les plans et r\u00e9server votre villa d\u2019exception \u00e0 Fontenay-aux-Roses. \u00a0T\u00e9l\u00e9phone : 06 74 87 36 81\u00a0ou remplissez le formulaire ci-dessous pour recevoir toutes les informations. \u00a0\u00c0 tr\u00e8s vite,Aur\u00e9lie JOBPour rappel, Conform\u00e9ment [&hellip;]\" \/>\n<meta property=\"og:url\" content=\"https:\/\/idealpromotion.fr\/entreprise-de-promotion-immobiliere\/nos-projets\/les-villas-rosea\/formulaire-contact-les-villas-rosea\/\" \/>\n<meta property=\"og:site_name\" content=\"Ideal Promotion\" \/>\n<meta property=\"article:publisher\" content=\"https:\/\/www.facebook.com\/IdealPromotion\/\" \/>\n<meta property=\"article:modified_time\" content=\"2025-11-27T12:05:16+00:00\" \/>\n<meta property=\"og:image\" content=\"https:\/\/idealpromotion.fr\/entreprise-de-promotion-immobiliere\/wp-content\/uploads\/2025\/11\/Logo-Les-Villas-Rosea.png\" \/>\n\t<meta property=\"og:image:width\" content=\"886\" \/>\n\t<meta property=\"og:image:height\" content=\"886\" \/>\n\t<meta property=\"og:image:type\" content=\"image\/png\" \/>\n<meta name=\"twitter:card\" content=\"summary_large_image\" \/>\n<meta name=\"twitter:label1\" content=\"Dur\u00e9e de lecture estim\u00e9e\" \/>\n\t<meta name=\"twitter:data1\" content=\"1 minute\" \/>\n<script type=\"application\/ld+json\" class=\"yoast-schema-graph\">{\"@context\":\"https:\\\/\\\/schema.org\",\"@graph\":[{\"@type\":\"WebPage\",\"@id\":\"https:\\\/\\\/idealpromotion.fr\\\/entreprise-de-promotion-immobiliere\\\/nos-projets\\\/les-villas-rosea\\\/formulaire-contact-les-villas-rosea\\\/\",\"url\":\"https:\\\/\\\/idealpromotion.fr\\\/entreprise-de-promotion-immobiliere\\\/nos-projets\\\/les-villas-rosea\\\/formulaire-contact-les-villas-rosea\\\/\",\"name\":\"Formulaire contact - Les Villas Rosea - Ideal Promotion\",\"isPartOf\":{\"@id\":\"https:\\\/\\\/idealpromotion.fr\\\/entreprise-de-promotion-immobiliere\\\/#website\"},\"primaryImageOfPage\":{\"@id\":\"https:\\\/\\\/idealpromotion.fr\\\/entreprise-de-promotion-immobiliere\\\/nos-projets\\\/les-villas-rosea\\\/formulaire-contact-les-villas-rosea\\\/#primaryimage\"},\"image\":{\"@id\":\"https:\\\/\\\/idealpromotion.fr\\\/entreprise-de-promotion-immobiliere\\\/nos-projets\\\/les-villas-rosea\\\/formulaire-contact-les-villas-rosea\\\/#primaryimage\"},\"thumbnailUrl\":\"https:\\\/\\\/i0.wp.com\\\/idealpromotion.fr\\\/entreprise-de-promotion-immobiliere\\\/wp-content\\\/uploads\\\/2025\\\/11\\\/Logo-Les-Villas-Rosea.png?fit=886%2C886&ssl=1\",\"datePublished\":\"2025-11-20T15:39:24+00:00\",\"dateModified\":\"2025-11-27T12:05:16+00:00\",\"breadcrumb\":{\"@id\":\"https:\\\/\\\/idealpromotion.fr\\\/entreprise-de-promotion-immobiliere\\\/nos-projets\\\/les-villas-rosea\\\/formulaire-contact-les-villas-rosea\\\/#breadcrumb\"},\"inLanguage\":\"fr-FR\",\"potentialAction\":[{\"@type\":\"ReadAction\",\"target\":[\"https:\\\/\\\/idealpromotion.fr\\\/entreprise-de-promotion-immobiliere\\\/nos-projets\\\/les-villas-rosea\\\/formulaire-contact-les-villas-rosea\\\/\"]}]},{\"@type\":\"ImageObject\",\"inLanguage\":\"fr-FR\",\"@id\":\"https:\\\/\\\/idealpromotion.fr\\\/entreprise-de-promotion-immobiliere\\\/nos-projets\\\/les-villas-rosea\\\/formulaire-contact-les-villas-rosea\\\/#primaryimage\",\"url\":\"https:\\\/\\\/i0.wp.com\\\/idealpromotion.fr\\\/entreprise-de-promotion-immobiliere\\\/wp-content\\\/uploads\\\/2025\\\/11\\\/Logo-Les-Villas-Rosea.png?fit=886%2C886&ssl=1\",\"contentUrl\":\"https:\\\/\\\/i0.wp.com\\\/idealpromotion.fr\\\/entreprise-de-promotion-immobiliere\\\/wp-content\\\/uploads\\\/2025\\\/11\\\/Logo-Les-Villas-Rosea.png?fit=886%2C886&ssl=1\",\"width\":886,\"height\":886,\"caption\":\"Les Villas Rosea\"},{\"@type\":\"BreadcrumbList\",\"@id\":\"https:\\\/\\\/idealpromotion.fr\\\/entreprise-de-promotion-immobiliere\\\/nos-projets\\\/les-villas-rosea\\\/formulaire-contact-les-villas-rosea\\\/#breadcrumb\",\"itemListElement\":[{\"@type\":\"ListItem\",\"position\":1,\"name\":\"Accueil\",\"item\":\"https:\\\/\\\/idealpromotion.fr\\\/entreprise-de-promotion-immobiliere\\\/\"},{\"@type\":\"ListItem\",\"position\":2,\"name\":\"Nos projets\",\"item\":\"https:\\\/\\\/idealpromotion.fr\\\/entreprise-de-promotion-immobiliere\\\/nos-projets\\\/\"},{\"@type\":\"ListItem\",\"position\":3,\"name\":\"Les Villas Rosea\",\"item\":\"https:\\\/\\\/idealpromotion.fr\\\/entreprise-de-promotion-immobiliere\\\/nos-projets\\\/les-villas-rosea\\\/\"},{\"@type\":\"ListItem\",\"position\":4,\"name\":\"Formulaire contact &#8211; Les Villas Rosea\"}]},{\"@type\":\"WebSite\",\"@id\":\"https:\\\/\\\/idealpromotion.fr\\\/entreprise-de-promotion-immobiliere\\\/#website\",\"url\":\"https:\\\/\\\/idealpromotion.fr\\\/entreprise-de-promotion-immobiliere\\\/\",\"name\":\"Ideal Promotion\",\"description\":\"\u00ab La meilleure des publicit\u00e9s est un bon produit \u00bb\",\"publisher\":{\"@id\":\"https:\\\/\\\/idealpromotion.fr\\\/entreprise-de-promotion-immobiliere\\\/#organization\"},\"alternateName\":\"ideal-promotion\",\"potentialAction\":[{\"@type\":\"SearchAction\",\"target\":{\"@type\":\"EntryPoint\",\"urlTemplate\":\"https:\\\/\\\/idealpromotion.fr\\\/entreprise-de-promotion-immobiliere\\\/?s={search_term_string}\"},\"query-input\":{\"@type\":\"PropertyValueSpecification\",\"valueRequired\":true,\"valueName\":\"search_term_string\"}}],\"inLanguage\":\"fr-FR\"},{\"@type\":\"Organization\",\"@id\":\"https:\\\/\\\/idealpromotion.fr\\\/entreprise-de-promotion-immobiliere\\\/#organization\",\"name\":\"Ideal Promotion\",\"alternateName\":\"Ideal-Promotion\",\"url\":\"https:\\\/\\\/idealpromotion.fr\\\/entreprise-de-promotion-immobiliere\\\/\",\"logo\":{\"@type\":\"ImageObject\",\"inLanguage\":\"fr-FR\",\"@id\":\"https:\\\/\\\/idealpromotion.fr\\\/entreprise-de-promotion-immobiliere\\\/#\\\/schema\\\/logo\\\/image\\\/\",\"url\":\"https:\\\/\\\/i0.wp.com\\\/idealpromotion.fr\\\/entreprise-de-promotion-immobiliere\\\/wp-content\\\/uploads\\\/2022\\\/10\\\/LOGO-Ideal-Promotion-IP.png?fit=2428%2C790&ssl=1\",\"contentUrl\":\"https:\\\/\\\/i0.wp.com\\\/idealpromotion.fr\\\/entreprise-de-promotion-immobiliere\\\/wp-content\\\/uploads\\\/2022\\\/10\\\/LOGO-Ideal-Promotion-IP.png?fit=2428%2C790&ssl=1\",\"width\":2428,\"height\":790,\"caption\":\"Ideal Promotion\"},\"image\":{\"@id\":\"https:\\\/\\\/idealpromotion.fr\\\/entreprise-de-promotion-immobiliere\\\/#\\\/schema\\\/logo\\\/image\\\/\"},\"sameAs\":[\"https:\\\/\\\/www.facebook.com\\\/IdealPromotion\\\/\",\"https:\\\/\\\/www.linkedin.com\\\/company\\\/idealpromotion\\\/\",\"https:\\\/\\\/www.youtube.com\\\/@idealpromotion\"]}]}<\/script>\n<!-- \/ Yoast SEO plugin. -->","yoast_head_json":{"title":"Formulaire contact - Les Villas Rosea - Ideal Promotion","robots":{"index":"index","follow":"follow","max-snippet":"max-snippet:-1","max-image-preview":"max-image-preview:large","max-video-preview":"max-video-preview:-1"},"canonical":"https:\/\/idealpromotion.fr\/entreprise-de-promotion-immobiliere\/nos-projets\/les-villas-rosea\/formulaire-contact-les-villas-rosea\/","og_locale":"fr_FR","og_type":"article","og_title":"Formulaire contact - Les Villas Rosea - Ideal Promotion","og_description":"Un programme exclusif, alliant \u00e9l\u00e9gance architecturale, confort et prestations haut de gamme Ne laissez pas passer cette opportunit\u00e9 ! Contactez-nous d\u00e8s aujourd\u2019hui pour d\u00e9couvrir les plans et r\u00e9server votre villa d\u2019exception \u00e0 Fontenay-aux-Roses. \u00a0T\u00e9l\u00e9phone : 06 74 87 36 81\u00a0ou remplissez le formulaire ci-dessous pour recevoir toutes les informations. \u00a0\u00c0 tr\u00e8s vite,Aur\u00e9lie JOBPour rappel, Conform\u00e9ment [&hellip;]","og_url":"https:\/\/idealpromotion.fr\/entreprise-de-promotion-immobiliere\/nos-projets\/les-villas-rosea\/formulaire-contact-les-villas-rosea\/","og_site_name":"Ideal Promotion","article_publisher":"https:\/\/www.facebook.com\/IdealPromotion\/","article_modified_time":"2025-11-27T12:05:16+00:00","og_image":[{"width":886,"height":886,"url":"https:\/\/idealpromotion.fr\/entreprise-de-promotion-immobiliere\/wp-content\/uploads\/2025\/11\/Logo-Les-Villas-Rosea.png","type":"image\/png"}],"twitter_card":"summary_large_image","twitter_misc":{"Dur\u00e9e de lecture estim\u00e9e":"1 minute"},"schema":{"@context":"https:\/\/schema.org","@graph":[{"@type":"WebPage","@id":"https:\/\/idealpromotion.fr\/entreprise-de-promotion-immobiliere\/nos-projets\/les-villas-rosea\/formulaire-contact-les-villas-rosea\/","url":"https:\/\/idealpromotion.fr\/entreprise-de-promotion-immobiliere\/nos-projets\/les-villas-rosea\/formulaire-contact-les-villas-rosea\/","name":"Formulaire contact - Les Villas Rosea - Ideal Promotion","isPartOf":{"@id":"https:\/\/idealpromotion.fr\/entreprise-de-promotion-immobiliere\/#website"},"primaryImageOfPage":{"@id":"https:\/\/idealpromotion.fr\/entreprise-de-promotion-immobiliere\/nos-projets\/les-villas-rosea\/formulaire-contact-les-villas-rosea\/#primaryimage"},"image":{"@id":"https:\/\/idealpromotion.fr\/entreprise-de-promotion-immobiliere\/nos-projets\/les-villas-rosea\/formulaire-contact-les-villas-rosea\/#primaryimage"},"thumbnailUrl":"https:\/\/i0.wp.com\/idealpromotion.fr\/entreprise-de-promotion-immobiliere\/wp-content\/uploads\/2025\/11\/Logo-Les-Villas-Rosea.png?fit=886%2C886&ssl=1","datePublished":"2025-11-20T15:39:24+00:00","dateModified":"2025-11-27T12:05:16+00:00","breadcrumb":{"@id":"https:\/\/idealpromotion.fr\/entreprise-de-promotion-immobiliere\/nos-projets\/les-villas-rosea\/formulaire-contact-les-villas-rosea\/#breadcrumb"},"inLanguage":"fr-FR","potentialAction":[{"@type":"ReadAction","target":["https:\/\/idealpromotion.fr\/entreprise-de-promotion-immobiliere\/nos-projets\/les-villas-rosea\/formulaire-contact-les-villas-rosea\/"]}]},{"@type":"ImageObject","inLanguage":"fr-FR","@id":"https:\/\/idealpromotion.fr\/entreprise-de-promotion-immobiliere\/nos-projets\/les-villas-rosea\/formulaire-contact-les-villas-rosea\/#primaryimage","url":"https:\/\/i0.wp.com\/idealpromotion.fr\/entreprise-de-promotion-immobiliere\/wp-content\/uploads\/2025\/11\/Logo-Les-Villas-Rosea.png?fit=886%2C886&ssl=1","contentUrl":"https:\/\/i0.wp.com\/idealpromotion.fr\/entreprise-de-promotion-immobiliere\/wp-content\/uploads\/2025\/11\/Logo-Les-Villas-Rosea.png?fit=886%2C886&ssl=1","width":886,"height":886,"caption":"Les Villas Rosea"},{"@type":"BreadcrumbList","@id":"https:\/\/idealpromotion.fr\/entreprise-de-promotion-immobiliere\/nos-projets\/les-villas-rosea\/formulaire-contact-les-villas-rosea\/#breadcrumb","itemListElement":[{"@type":"ListItem","position":1,"name":"Accueil","item":"https:\/\/idealpromotion.fr\/entreprise-de-promotion-immobiliere\/"},{"@type":"ListItem","position":2,"name":"Nos projets","item":"https:\/\/idealpromotion.fr\/entreprise-de-promotion-immobiliere\/nos-projets\/"},{"@type":"ListItem","position":3,"name":"Les Villas Rosea","item":"https:\/\/idealpromotion.fr\/entreprise-de-promotion-immobiliere\/nos-projets\/les-villas-rosea\/"},{"@type":"ListItem","position":4,"name":"Formulaire contact &#8211; Les Villas Rosea"}]},{"@type":"WebSite","@id":"https:\/\/idealpromotion.fr\/entreprise-de-promotion-immobiliere\/#website","url":"https:\/\/idealpromotion.fr\/entreprise-de-promotion-immobiliere\/","name":"Ideal Promotion","description":"\u00ab La meilleure des publicit\u00e9s est un bon produit \u00bb","publisher":{"@id":"https:\/\/idealpromotion.fr\/entreprise-de-promotion-immobiliere\/#organization"},"alternateName":"ideal-promotion","potentialAction":[{"@type":"SearchAction","target":{"@type":"EntryPoint","urlTemplate":"https:\/\/idealpromotion.fr\/entreprise-de-promotion-immobiliere\/?s={search_term_string}"},"query-input":{"@type":"PropertyValueSpecification","valueRequired":true,"valueName":"search_term_string"}}],"inLanguage":"fr-FR"},{"@type":"Organization","@id":"https:\/\/idealpromotion.fr\/entreprise-de-promotion-immobiliere\/#organization","name":"Ideal Promotion","alternateName":"Ideal-Promotion","url":"https:\/\/idealpromotion.fr\/entreprise-de-promotion-immobiliere\/","logo":{"@type":"ImageObject","inLanguage":"fr-FR","@id":"https:\/\/idealpromotion.fr\/entreprise-de-promotion-immobiliere\/#\/schema\/logo\/image\/","url":"https:\/\/i0.wp.com\/idealpromotion.fr\/entreprise-de-promotion-immobiliere\/wp-content\/uploads\/2022\/10\/LOGO-Ideal-Promotion-IP.png?fit=2428%2C790&ssl=1","contentUrl":"https:\/\/i0.wp.com\/idealpromotion.fr\/entreprise-de-promotion-immobiliere\/wp-content\/uploads\/2022\/10\/LOGO-Ideal-Promotion-IP.png?fit=2428%2C790&ssl=1","width":2428,"height":790,"caption":"Ideal Promotion"},"image":{"@id":"https:\/\/idealpromotion.fr\/entreprise-de-promotion-immobiliere\/#\/schema\/logo\/image\/"},"sameAs":["https:\/\/www.facebook.com\/IdealPromotion\/","https:\/\/www.linkedin.com\/company\/idealpromotion\/","https:\/\/www.youtube.com\/@idealpromotion"]}]}},"_links":{"self":[{"href":"https:\/\/idealpromotion.fr\/entreprise-de-promotion-immobiliere\/wp-json\/wp\/v2\/pages\/231572","targetHints":{"allow":["GET"]}}],"collection":[{"href":"https:\/\/idealpromotion.fr\/entreprise-de-promotion-immobiliere\/wp-json\/wp\/v2\/pages"}],"about":[{"href":"https:\/\/idealpromotion.fr\/entreprise-de-promotion-immobiliere\/wp-json\/wp\/v2\/types\/page"}],"author":[{"embeddable":true,"href":"https:\/\/idealpromotion.fr\/entreprise-de-promotion-immobiliere\/wp-json\/wp\/v2\/users\/1"}],"replies":[{"embeddable":true,"href":"https:\/\/idealpromotion.fr\/entreprise-de-promotion-immobiliere\/wp-json\/wp\/v2\/comments?post=231572"}],"version-history":[{"count":3,"href":"https:\/\/idealpromotion.fr\/entreprise-de-promotion-immobiliere\/wp-json\/wp\/v2\/pages\/231572\/revisions"}],"predecessor-version":[{"id":231598,"href":"https:\/\/idealpromotion.fr\/entreprise-de-promotion-immobiliere\/wp-json\/wp\/v2\/pages\/231572\/revisions\/231598"}],"up":[{"embeddable":true,"href":"https:\/\/idealpromotion.fr\/entreprise-de-promotion-immobiliere\/wp-json\/wp\/v2\/pages\/231521"}],"wp:featuredmedia":[{"embeddable":true,"href":"https:\/\/idealpromotion.fr\/entreprise-de-promotion-immobiliere\/wp-json\/wp\/v2\/media\/231516"}],"wp:attachment":[{"href":"https:\/\/idealpromotion.fr\/entreprise-de-promotion-immobiliere\/wp-json\/wp\/v2\/media?parent=231572"}],"curies":[{"name":"wp","href":"https:\/\/api.w.org\/{rel}","templated":true}]}}